{"id":88,"date":"2022-04-01T17:12:50","date_gmt":"2022-04-01T17:12:50","guid":{"rendered":"https:\/\/angelinabalm.com\/?post_type=product&#038;p=88"},"modified":"2026-04-28T15:56:46","modified_gmt":"2026-04-28T15:56:46","slug":"kehaoli-sidrunhein-angelina-balm-100-ml-pet-karbis","status":"publish","type":"product","link":"https:\/\/angelinabalm.com\/?product=kehaoli-sidrunhein-angelina-balm-100-ml-pet-karbis","title":{"rendered":"Keha\u00f5li Sidrunhein Angelina Balm 100 ml PET karbis"},"content":{"rendered":"<p>100% orgaaniline \u00f5li on rikas vitamiinide ja \u03c9-3, -6, -9 rasvhapete poolest. \u00d5li sisaldab pol\u00fcfenoole, mis aeglustavad vananemist, soodustavad kollageeni s\u00fcnteesi, taastavad naharakud ja v\u00f5itlevad varajaste kortsude vastu.<\/p>\n<p>See suurep\u00e4rane kehahooldustoode sobib igat t\u00fc\u00fcpi nahale. \u00d5li ei ummista poore, imendub kiiresti ega j\u00e4ta \u00f5list ega kleepuvat tunnet. Kerge tekstuuriga \u00f5li pinguldab ja toidab \u00f5rnalt.<\/p>\n<p><strong>SIDRUNHEIN<\/strong> on \u00f5rnalt l\u00f5\u00f5gastava ja v\u00e4rskendava toimega. Meeldiva v\u00e4rske tsitruselise l\u00f5hnaga, tujut\u00f5stev, stressivastane.<\/p>\n<p><strong>Toote kasutamine<\/strong><\/p>\n<p>Kasutage kehahoolduseks, massaa\u017eiks. Kanna \u00f5li niiskele v\u00f5i kuivale nahale ringjate liigutustega. \u00dctle juurde endale h\u00e4id s\u00f5nu!<\/p>\n<p><strong>Toime:<\/strong><\/p>\n<p>Viinamarjaseemne\u00f5li niisutab ja pehmendab nahka ja imendub kiiresti. V\u00e4rske l\u00f5hn j\u00e4tab nahale meeldiva aroomi.<\/p>\n<p>Toodetud Eestis<\/p>\n","protected":false},"excerpt":{"rendered":"<p><strong>Greibil\u00f5hnaline viinamarjaseemne\u00f5li.<\/strong><\/p>\n<p>Angelina Balm keha\u00f5li annab Sulle v\u00f5imaluse olla austatud ja armastatud iseenda poolt, siidpehme nahk on boonuseks!<\/p>\n<p>Keha\u00f5li kasutades, \u00fctle endale juurde h\u00e4id s\u00f5nu!<\/p>\n<p>INCI: VITIS VINIFERA (GRAPE) SEED OIL, CYMBOPOGON CITRATUS (LEMONGRASS) LEAF OIL, TOCOPHERYL ACETATE, CITRAL, GERANIOL, LIMONENE<\/p>\n<p>Toodetud Eestis<\/p>\n","protected":false},"featured_media":89,"template":"","meta":[],"product_brand":[],"product_cat":[17],"product_tag":[],"class_list":{"0":"post-88","1":"product","2":"type-product","3":"status-publish","4":"has-post-thumbnail","6":"product_cat-uncategorized","8":"first","9":"outofstock","10":"featured","11":"taxable","12":"shipping-taxable","13":"purchasable","14":"product-type-simple"},"_links":{"self":[{"href":"https:\/\/angelinabalm.com\/index.php?rest_route=\/wp\/v2\/product\/88","targetHints":{"allow":["GET"]}}],"collection":[{"href":"https:\/\/angelinabalm.com\/index.php?rest_route=\/wp\/v2\/product"}],"about":[{"href":"https:\/\/angelinabalm.com\/index.php?rest_route=\/wp\/v2\/types\/product"}],"wp:featuredmedia":[{"embeddable":true,"href":"https:\/\/angelinabalm.com\/index.php?rest_route=\/wp\/v2\/media\/89"}],"wp:attachment":[{"href":"https:\/\/angelinabalm.com\/index.php?rest_route=%2Fwp%2Fv2%2Fmedia&parent=88"}],"wp:term":[{"taxonomy":"product_brand","embeddable":true,"href":"https:\/\/angelinabalm.com\/index.php?rest_route=%2Fwp%2Fv2%2Fproduct_brand&post=88"},{"taxonomy":"product_cat","embeddable":true,"href":"https:\/\/angelinabalm.com\/index.php?rest_route=%2Fwp%2Fv2%2Fproduct_cat&post=88"},{"taxonomy":"product_tag","embeddable":true,"href":"https:\/\/angelinabalm.com\/index.php?rest_route=%2Fwp%2Fv2%2Fproduct_tag&post=88"}],"curies":[{"name":"wp","href":"https:\/\/api.w.org\/{rel}","templated":true}]}}